4 = 5*j - 4*n - 18. Let i be j + 13/(-4)*16/(-4). Calculate the highest common factor of 182 and i.
13
Let a = 9834 + -9786. Calculate the highest common divisor of a and 104.
8
Let l = -24 - -36. Suppose -4 = -2*u + l. Let k be (-16)/(-5)*4*210/48. Calculate the highest common factor of k and u.
8
Let s = 559 + -1010. Let z = -423 - s. What is the greatest common factor of 308 and z?
28
Let v(a) = 3*a + 281. Let k be v(33). Calculate the greatest common factor of 1444 and k.
76
Let q be ((-2)/((-14)/19))/((-79)/(-553)). Let a = 743 + -534. What is the greatest common factor of a and q?
19
Let y(v) = -46*v**3 + v**2 + 4*v - 2. Let f be y(-2). Suppose 3*d - f = 5*i, -2*d = 2*i - 5*i - 243. What is the greatest common divisor of 86 and d?
43
Suppose 0 = 44*u - 49*u + 25. Let z(n) = -n**3 + 3*n**2 - 2*n + 3. Let j be z(3). Let p be 7832/55 - j/u. Calculate the greatest common factor of 13 and p.
13
Let z be (2 - 1) + (-83)/(-1). Let g(u) = 14*u - 30. Let p be (3/(-6))/(18/(-108)). Let r be g(p). Calculate the greatest common factor of r and z.
12
Let n(v) = 2*v**2 + 69*v + 550. Let g be n(-12). Let h be 31 + -1*1 + 0. What is the greatest common factor of h and g?
10
Suppose 0 = -5*c + 2*y + 6312, 0 = 71*y - 67*y + 24. What is the highest common divisor of c and 2280?
60
Let t be (5 - 1)*408/102. Let p be -78*((-5)/2)/5. Let o be (p/1 - 0) + 1. Calculate the greatest common factor of t and o.
8
Let s = -1675 - -2631. What is the highest common factor of s and 44?
4
Let c = 22497 - 22448. Calculate the highest common factor of c and 2947.
7
Let s(a) = -101*a + 197*a - 101*a - 12. Let f be s(-5). Let h(r) = r**3 - 7*r**2 + 6*r + 5. Let t be h(8). Calculate the greatest common factor of t and f.
13
Suppose -3*z - 5*q + 1379 = -1969, 3*z + 2*q = 3357. What is the highest common factor of z and 570?
19
Let j be ((-1638)/(-9) + -14)/2. Calculate the highest common divisor of j and 348.
12
Let f = 15 + -12. Let u be (-1)/f + (-150)/(-18). Let k(z) = z**3 - 8*z**2 + 3*z - 10. Let s be k(u). Calculate the greatest common factor of s and 56.
14
Suppose -3*c - 4*v = -v - 465, 0 = -4*c + 2*v + 644. Let q be (-5 + 3 - 0) + (66 - 11). Calculate the greatest common factor of q and c.
53
Let p be (1620/(-48))/((-2)/8). Let u(h) = -4*h**2 + 2*h + 2. Let x be u(4). Let j = p - x. What is the greatest common divisor of j and 27?
27
Let u = 10 - 1. Suppose 4*p + 49 - 76 = -3*s, -3*s - 5*p + 27 = 0. Calculate the highest common divisor of s and u.
9
Let f = 128 + -68. Suppose 39*c - f = 35*c. Let r(u) = u**3 - 14*u**2 - 14*u - 11. Let d be r(c). Calculate the greatest common divisor of d and 4.
4
Let b = 1084 - 1030. Let z be (-1)/(5/15)*-1. Suppose 6*m = z*m + 54. Calculate the highest common factor of b and m.
18
Suppose 0 = 10*p - 1484 - 1746. Suppose 324*u = p*u + 17. Let h be 16 + -3*1/(-3). What is the greatest common divisor of u and h?
17
Let o = 56 - 52. Suppose -o*t + 204 = -8*t. Let h = t - -60. Calculate the greatest common factor of h and 81.
9
Let a(p) = 2*p**3 + 29*p**2 - 2*p + 29. Let g be a(-13). Suppose -5*x - 10 = 0, -5*x = 3*v - g + 167. Calculate the highest common factor of v and 9.
9
Suppose -14086*p = -14081*p - 170. Calculate the highest common factor of p and 6732.
34
Suppose -h + 118 = -3*r, 0 = 2*h + 2204*r - 2198*r - 224. What is the highest common factor of h and 29210?
115
Let w(i) be the third derivative of 20*i**2 - 5/6*i**3 + 0*i + 0 + 11/24*i**4. Let a be w(3). Calculate the highest common divisor of 14 and a.
14
Let x = 13817 - 13796. What is the greatest common factor of x and 2464?
7
Suppose -1031 = -2*v - j, 10*v + j - 2585 = 5*v. Suppose -5*q + v - 57 = -3*s, 4*q - 373 = s. What is the greatest common factor of q and 376?
94
Let w be ((-80)/2400 - 2/(-10)) + (-725755)/(-30). What is the greatest common divisor of w and 189?
189
Let h(u) = 2*u**2 + 14*u + 35. Let f be h(-5). Calculate the highest common factor of 200 and f.
5
Suppose -13*o = 104 + 650. Let h be (-565)/(-9) - o/261. Calculate the highest common factor of h and 21.
21
Let n be -3 - (5066/(-10) + 413/(-295)). Calculate the greatest common factor of 10 and n.
5
Let v(k) = -2*k**3 + 23*k**2 - 17*k**2 - 7*k + 7*k. Let x be v(-5). Calculate the highest common factor of x and 25.
25
Suppose 10*j - 491 = -441. What is the greatest common divisor of 179 and j?
1
Let y(v) = 36*v**2 - 3*v - 3. Let o be y(-1). Suppose -10*b + 16*b = o. Let n = -2 + 3. Calculate the highest common factor of n and b.
1
Let r(t) be the first derivative of t**4/2 + 16*t**3/3 - 4*t**2 + 6*t - 7. Let z be r(-8). Let c = -34 + z. What is the highest common divisor of 12 and c?
12
Let h = -57 - -56. Let k = h + 3. Let l be (-22)/(-44)*(k + 17 + 1). Calculate the highest common factor of 70 and l.
10
Suppose 0 = -29*k + 44*k - 75. Suppose k*m + q = 32, -m + 13 = -29*q + 27*q. What is the greatest common divisor of m and 56?
7
Let o = 6190 - 6187. Calculate the greatest common divisor of 157 and o.
1
Suppose 33*r - 464 = 16465. Calculate the highest common factor of 38 and r.
19
Let h(p) = 17*p + 65. Let u(f) = 19*f + 65. Let s(o) = -5*h(o) + 4*u(o). Let k be s(-8). Calculate the greatest common divisor of 56 and k.
7
Let n be (-80)/(-4) - (-1 + -1). Let j(g) = -80*g**2 - 8567*g - 375. Let b be j(-107). What is the greatest common divisor of b and n?
22
Suppose -475*p + 256*p + 6132 = 0. Let x(r) = -224*r. Let v be x(-2). Suppose k = 3*k - v. Calculate the highest common factor of p and k.
28
Let j(t) be the third derivative of t**5/20 - t**4/3 + t**3/2 - t**2 + 8*t. Let w be j(4). What is the greatest common factor of w and 1?
1
Let c = 3286 - 2743. Calculate the greatest common factor of c and 9593.
181
Suppose -780*s = -807*s + 905 + 877. Calculate the greatest common divisor of s and 12892.
22
Suppose -17*u - 13 = -64. Suppose -u*o + 120 = 3*z, 4*z = 3*o + 6*z - 123. Calculate the highest common factor of o and 3.
1
Suppose -5*a - 10352 = -2*z, -3*z + 4*a + 2328 + 13186 = 0. Calculate the highest common divisor of 126 and z.
126
Let o be (56/(-6))/(1*(-2)/3). Let z = o + -13. Let g = 16 - 3. Calculate the greatest common factor of z and g.
1
Suppose 6*f = -3*a + 2*f + 7, 0 = 3*a + f + 5. Let z(u) = -7*u - 6. Let s be z(a). Calculate the greatest common divisor of s and 345.
15
Let o(w) = -w**3 - 2*w**2 + 12*w - 9. Let t be o(-9). Let h = 3940 + -3890. What is the highest common divisor of h and t?
50
Let l be (3 + -4)*(-186 + -1). Suppose 3*o = r - 60 + 12, -r = 0. Let u = o + 33. Calculate the highest common factor of l and u.
17
Let h(q) = -34*q - 36. Let r be h(-7). Suppose -b - 2*j = 3*j - 90, -2*b + j + r = 0. What is the greatest common divisor of 75 and b?
25
Let t be (33/(-99))/((-2)/678). What is the greatest common factor of t and 12?
1
Let x(k) = 26*k - 108. Let t be x(-12). Let l = 424 + t. What is the highest common divisor of l and 22?
2
Let y(n) be the first derivative of 23*n**2/2 + 6*n - 1. Let p be y(5). Let m = 1649 + -1638. Calculate the greatest common factor of m and p.
11
Let j = 1334 + -1252. What is the greatest common factor of j and 5986?
82
Suppose y = 4*r - 17, -y - 4*r = 3*y - 32. Suppose v - 10*v = -18. Suppose -3*d - 17 = -z, 3*d = -z - y + v. Calculate the greatest common factor of z and 8.
8
Let c be -4 + (5 - 2) - -1*17. Suppose -4*p - 68 = -o, -2*p - 5*o + o = c. Let y(m) = -5*m - 24. Let i be y(p). What is the highest common divisor of 8 and i?
8
Let d = 31124 - 31059. Suppose -4*j = -29 + 9. Calculate the greatest common factor of j and d.
5
Suppose -10*q = -816 - 34. Let u = q - -10. What is the greatest common factor of 19 and u?
19
Let f = 7673 + -7662. Calculate the greatest common factor of 47 and f.
1
Let g(a) = -a**3 + 2*a**2 + 3*a + 1. Let r be g(3). Let v be (-100)/(-70)*(-42)/(-15). Calculate the highest common factor of v and r.
1
Suppose 2*j + 2*b + 14 = 0, 11*b = 3*j + 7*b + 28. Let c(x) = 15*x + 150. Let p be c(j). What is the greatest common divisor of p and 110?
10
Let n be (6/(-5))/(9/(-180)). Let s be -2*(-5)/(-10)*0. Suppose 4*y - 437 - 427 = s. Calculate the greatest common divisor of y and n.
24
Let c = 14 + -12. Suppose 5*h - 9 = c*h. Suppose h*u + u - 10 = -a, -a + 3*u = -17. What is the greatest common factor of a and 14?
14
Suppos